te the highest common divisor of 10 and b.
2
Let j(y) = 7*y - 36. Let i be j(7). Let f = i + -9. Let n = 34 - -10. What is the highest common factor of f and n?
4
Let i = 28 + -8. Let o(t) = t**2 - 5*t - 4. Let c be o(6). Let f be (-2 + 9/3)*5*c. What is the highest common factor of f and i?
10
Let l be 5/10 - (-206)/4. Let z(c) = 3*c**2 + 2*c - 7. Let g be z(5). What is the highest common factor of g and l?
26
Let g be -2 + 4 - (-24)/2. Let j(y) = 3*y**2 - 6*y + 7. Let a be j(2). Let i(b) = -15*b + 161. Let p be i(a). Calculate the highest common factor of g and p.
14
Let i(w) = 4*w**2 + 26*w - 194. Let r be i(-13). What is the highest common factor of r and 3408?
48
Let g = 4823 + -4809. What is the greatest common divisor of g and 6468?
14
Let m = -827 - -2230. Calculate the greatest common divisor of 610 and m.
61
Let i = 60 + 85. Let f = -112 + i. Let o(m) = -m**3 + 32*m**2 + 33*m + 6. Let s be o(f). What is the highest common factor of 54 and s?
6
Suppose 2*u - 52 + 4 = 0. Suppose -696 = -27*b - 31*b. What is the highest common factor of b and u?
12
Let x(h) = 7*h**2 + 71*h. Let a be x(-16). Suppose -10*d = -a - 1494. What is the greatest common divisor of d and 5?
5
Let c(m) = -180*m**2 - 14*m - 4. Let z be c(-3). Let t be z/(-9) + 18/81. What is the greatest common factor of 24 and t?
8
Suppose -6*x = 4*x - 7*x - 90. Suppose b = 21 + 9. Let q be (3 - -1 - 3)*b. Calculate the highest common divisor of x and q.
30
Let s be (-2)/3*(-9 - -6). Suppose 9*h = 8*h + s. Suppose 0 = -8*z + h*z + 6. Calculate the highest common factor of z and 2.
1
Let d be 167 - (6 + -4 + (-60)/6). What is the greatest common divisor of 1169 and d?
7
Let h = -73 - -88. Let p = -10 + h. Suppose 0*i - 15 = -p*i. Calculate the highest common divisor of i and 1.
1
Let r be (-4)/(-6) - 410/(-15). Suppose -3*p + 43 = 5*x, -p - 2*p + r = 2*x. Suppose -y + 24 = -p. Calculate the greatest common divisor of y and 5.
5
Suppose 86*j - 89*j - 36 = 0. Let y(n) = 5*n - 5*n**3 + 6*n**3 + 40 - 6*n + 12*n**2. Let k be y(j). What is the highest common divisor of 26 and k?
26
Let r be (-13)/2*(2 + -4). Let y = 44 + -30. Suppose -y*f - 78 = -20*f. What is the highest common divisor of r and f?
13
Suppose 36*u + 77617 = 197425. What is the greatest common divisor of u and 78?
26
Let k(a) = -43*a - 2659. Let u be k(-65). What is the highest common divisor of u and 11288?
136
Suppose -54*c - 392700 = -139*c. What is the highest common factor of 20 and c?
20
Let z be (-5 + -5)*(-8)/20. Suppose -z*h + 40 = 2*l, -2*h - 3*l - l + 14 = 0. Suppose 3*o - 5 = -2*o. Calculate the highest common divisor of h and o.
1
Let i(w) = w**3 - 4*w**2 + 6*w - 7. Let h be i(3). Suppose -3*a = -4*y - h*a + 1819, 2*a = -5*y + 2290. What is the greatest common factor of y and 38?
38
Suppose 0*h = -h - 2*s - 153, 3*h = -3*s - 453. Let g = h - -66. Let v = g - -131. What is the highest common factor of 32 and v?
16
Suppose 9 + 11 = 2*y + 3*h, -h = -4*y + 12. Let r be (-3 - y/(-3))*-15. What is the greatest common factor of 25 and r?
25
Let v = -5 - -9. Let k be 3357/v + (-3)/(-4). Suppose m - 7*m + k = 0. Calculate the highest common factor of m and 20.
20
Let w be (-1727)/(-9) + 24*(-22)/(-4752). Calculate the highest common factor of w and 4128.
96
Let w = 31567 - 31433. What is the highest common factor of 8576 and w?
134
Let s = -5195 - -5343. Calculate the highest common divisor of s and 4.
4
Suppose 0 = 11*h - 6*h - 10. Suppose 3*p - 5*c = -2 + 41, h*c = -3*p + 60. What is the highest common divisor of 99 and p?
9
Suppose -2*b + 2*g = -10, -5*g + 3 = -3*b + 24. Suppose b*k = -3*k + 55. Let s be 88/(-55)*(5 - 60). Calculate the highest common divisor of s and k.
11
Let k = 13166 - 12454. What is the greatest common divisor of 32 and k?
8
Let x be (-149 - -73)/(4/(-17)). What is the highest common divisor of x and 494?
19
Let h be ((-57)/(-1 - 51/(-60)))/(-33 + 34). What is the highest common divisor of 1330 and h?
190
Suppose 32*v + 2*d = 34*v + 1098, 0 = -v - 4*d - 534. Let q = 557 + v. Calculate the greatest common divisor of 1 and q.
1
Let g be 332/(((3 + 5)/(-2))/(-2)). Suppose -5*d + k = 3*k - g, 0 = 2*d - 2*k - 72. Calculate the greatest common divisor of 68 and d.
34
Let h be (4 - (-68 - 3)) + -3 - -2. Let n = 1482 - 964. What is the greatest common divisor of n and h?
74
Let z(w) = 37*w + 1. Let h be z(2). Let o(y) = -y - 7. Let u be o(-7). Let b(x) = -7*x + 50. Let a be b(u). What is the greatest common factor of h and a?
25
Let s be 76/(-18) - (-6)/27. Let x be (-6 + 3 + 33)*(-2)/s. Suppose 3*k + k + 4*t = 160, 0 = -3*t + x. What is the greatest common divisor of 245 and k?
35
Suppose -5*g - 5*c - 190 = 0, 0 = -3*g + 4*g - 2*c + 23. Let y be (-94)/(-8) - g/132. Let d = 25 - y. Calculate the greatest common factor of d and 91.
13
Suppose -24*k + 3*k = 18*k - 3354. What is the greatest common factor of 387 and k?
43
Let w be ((-3)/(-2))/(171/6954). Suppose -w = -j + 5*c - 8*c, 204 = 4*j + 2*c. Calculate the greatest common divisor of j and 833.
49
Suppose -5*t + 1883 = 378. Suppose 2*z - t + 289 = 0. Suppose 5*r + 34 = 9, 3*v + 4*r + 2 = 0. What is the greatest common factor of z and v?
6
Suppose 34*c - 405 = 7*c. Let j be 6/(-8) - (1845/(-4))/c. What is the highest common divisor of 270 and j?
30
Let t be 36*(5*7/10 - 3). Let w(h) = -56*h - 6. Let i be w(-3). Calculate the highest common divisor of i and t.
18
Let q = -10 + 17. Suppose -30 = -64*d + 7 + 27. Calculate the greatest common factor of d and q.
1
Let r be -3*2/(4/(1220/15)). Let u = 103 - r. What is the greatest common factor of 45 and u?
45
Let b(o) = -182*o - 844. Let i be b(-14). What is the highest common factor of 96 and i?
24
Let o(c) = 133*c**2 - 88*c - 540. Let d be o(-15). Calculate the greatest common divisor of 15 and d.
15
Suppose -11*l = -7*l - 5*o - 33, 3*l - 5*o - 31 = 0. Let h be (43 - l) + (-11 - -5). Let i = 32 + -18. What is the highest common factor of h and i?
7
Let l = -177 + 330. Let b(t) = -917*t + 4594. Let c be b(5). Calculate the highest common factor of l and c.
9
Suppose -2*w - 70 + 96 = 0, 2*u - w = 23. Let b be -1 + 81*1 + 1. What is the highest common divisor of b and u?
9
Let m = 22 + -20. Suppose 4*p + 2*q = 36, 0 = 2*p - 4*q + m*q - 24. What is the highest common divisor of p and 170?
10
Suppose -2*z = -4*t + 142, z - 99 = -3*t - 0*z. Let a = 38 - t. Suppose 3*b + 51 = a*g + 11, -20 = 5*b. Calculate the greatest common factor of 35 and g.
7
Let n = 16 - 35. Let a(o) = -12 - o**3 + 3*o**3 - 2*o - 19*o**2 + 4 - 3*o**3. Let s be a(n). What is the highest common factor of 90 and s?
30
Suppose -3*h + 2*u - u - 1077 = 0, -1089 = 3*h + 3*u. Let w = -144 - h. Calculate the greatest common divisor of 12 and w.
12
Let v(o) be the first derivative of o**3 + 17*o**2/2 + 8*o + 20. Let k be v(-4). Let s be ((-51)/k + -2)*4. What is the highest common factor of s and 9?
9
Let i = -20248 + 20388. Calculate the highest common factor of 728 and i.
28
Let l be (-14)/2 - (-22)/((-374)/(-1751)). What is the highest common divisor of 14 and l?
2
Let k(c) = 104*c**2 + c + 17. Let d be k(-3). Suppose -4*j + d = 3*u, 8*j = 4*u + 4*j - 1304. What is the highest common divisor of u and 28?
14
Suppose 0 = 3*f - 4*x - 356, -31*x + 10 = -36*x. Calculate the greatest common divisor of 4002 and f.
58
Let f = 1675 - 1629. What is the highest common factor of 14 and f?
2
Let o(h) be the third derivative of h**5/30 + 5*h**4/24 - 5*h**3/3 + 21*h**2. Let v be o(3). Let w = v + -19. Calculate the greatest common divisor of 48 and w.
4
Let a be (((-774)/(-4))/3)/(6/(-24)). Let z = a - -454. Suppose -10*i + 3*i + z = 0. Calculate the greatest common divisor of 112 and i.
28
Let o(c) = -c**3 + 7*c**2 + 17*c - 12. Let n be o(-7). Calculate the highest common divisor of n and 495.
15
Let s(h) = h**3 + 116*h**2 + 666*h - 216. Let r be s(-107). Calculate the greatest common divisor of r and 189.
189
Suppose 21*k - 34*k = 0. Suppose -q + 66 = -4*c - 107, k = -q + 2*c + 169. What is the highest common factor of 385 and q?
55
Let o = -5707 + 6514. Let j be (-34)/(-3) - 4/(-6). Suppose j = 21*z - o. What is the greatest common divisor of 3 and z?
3
Let z(j) = 5*j**2 - 6*j - 11. Let a be z(5). Let p be 109*(-10)/(-45) + (-6)/27. Calculate the hig